*d. What is the tens digit of a(2)?
1
Let j = 8950 - 2576. What is the hundreds digit of j?
3
Let w(u) be the third derivative of -5*u**4/12 + 96*u**2. What is the tens digit of w(-10)?
0
Let z be (2 - 0/(-3) - -1)*1. Suppose x = z*x + x. Suppose x = j + 4*a - 144, 5*j = -0*j + a + 699. What is the tens digit of j?
4
Let t = 28 + -15. Let p(h) = -13*h - t*h - 27 - 16*h. What is the hundreds digit of p(-6)?
2
Suppose -36*i = 437609 - 616398 - 828671. What is the ten thousands digit of i?
2
Suppose h - 11 = -12, 8*o - 2*h - 170202 = 0. What is the units digit of o?
5
Suppose 2 = -2*j, -2*m + 0*m = j - 467. Suppose -2*t + 596 = -m. Suppose -t + 47 = -8*z. What is the tens digit of z?
4
Let j be (9/(-6 + 3))/(0 + -1). Let h = 9 - -6. Suppose -j*l + 222 + h = 0. What is the tens digit of l?
7
Let u = 867 - 867. Suppose 11*z + 8905 = 5*s + 10*z, u = -3*s - 5*z + 5371. What is the units digit of s?
2
Let p(y) = -y**3 - 8*y**2 + 8*y + 43. Let g be (-2 + -22*(-4)/(-8))*1. What is the tens digit of p(g)?
8
Let z be (28/21)/(-2 + 16/6). Suppose -f + 5*j - 1 + 4 = 0, z*f - 30 = 2*j. What is the units digit of (-3)/(-9) + 1146/f?
4
What is the tens digit of 77002/14 - (-87)/(-609)?
0
Let h be 3/12 - ((-15513)/12 - -5). Suppose -18*i = -41*i + h. What is the tens digit of i?
5
Suppose 0 = 4*z + 24, 20*a - 21*a - z = -5571. What is the thousands digit of a?
5
Suppose 15 = 2*u - 7*u. Let b be (2 - (0 - (u + 0)))*-87. Let w = b + -5. What is the units digit of w?
2
Let f(w) = 21*w + 10. Suppose 6*z - 4 = 2. Let l be 7 + (z - (-3 - -7)). What is the units digit of f(l)?
4
Let a(o) = -4*o + 31. Let d be a(8). Let t be 6/(-2) + d + 4. Suppose t = 10*s - 594 + 14. What is the tens digit of s?
5
Suppose 9*k = 128 - 461. Let h = 4 + -6. What is the tens digit of 4/(-2) - h - k?
3
Suppose -10*z + 141992 = 19*z - 21*z. What is the hundreds digit of z?
7
What is the thousands digit of 19/4*(10224/(-12))/(-3)?
1
Let n(j) = 2*j**2 + 18*j - 15. Let d be n(-10). Suppose s = d*s. Suppose s*o = -8*o + 1800. What is the units digit of o?
5
Let a(s) = -s**2 + 9*s + 26. Let c be a(9). Suppose -c = -8*t + 22. What is the units digit of t?
6
Let u be -1 + 18/24*8. Suppose -22*h + 12852 = -u*h. What is the tens digit of h?
5
Let k = -17363 - -50028. What is the units digit of k?
5
Let f(z) = -169*z - 1. Let d be f(-1). Suppose 0 = -4*l - 4*b + 328, 279 - 3 = 3*l - 3*b. Let u = d - l. What is the tens digit of u?
8
Suppose -352 = 9*r - 37. What is the tens digit of r/(-210) + (2 - 1942/(-12))?
6
What is the thousands digit of -30986*7*13/(-182)?
5
Suppose 38*i = 13*i + 32425. Suppose i*g + 5444 = 1301*g. What is the thousands digit of g?
1
Let t(v) = -155*v**3 + v. Let y be t(-1). Let x = 280 + y. What is the tens digit of x?
3
Let w(m) be the second derivative of m**5/20 - m**4/2 + m**3/6 + 11*m**2 + 9*m. Let f(a) = -4*a + 31. Let y be f(6). What is the units digit of w(y)?
8
Suppose -190452 + 45597 = -45*h. What is the tens digit of h?
1
Suppose 0 = -3*z - 3*w + 36, -4*z + 13*w + 33 = 14*w. Suppose 5*v - 2*j - 1657 = 0, 0 = -v - z*j + 2*j + 353. What is the units digit of v?
3
Suppose -6*d + 323919 = -3*o, -283*d + 161963 = -280*d - 5*o. What is the ten thousands digit of d?
5
Let r(a) = -5*a**3 - 3*a**2 + 2*a. Let w be r(1). Let c be 14/(-21) - 16/w*43. Suppose -3*m = -2*m - p - 102, m - 5*p = c. What is the tens digit of m?
9
Let n(p) = -32*p - 31. Let f = 134 - 76. Let t = 49 - f. What is the hundreds digit of n(t)?
2
Let s(a) = 8*a**2 - a. Suppose h = -5*k - 5, k + 5*h = -3*k - 25. Let g be (-7 - -4 - k)/(-3). What is the units digit of s(g)?
7
Let o be 202*18/12 - 4. Suppose -6*n + 97 = -o. What is the units digit of n?
6
Let z(h) = 25*h - 70*h - 20 - 18 + 17*h. Suppose -24 = 4*w - 0*o + 2*o, 3*w - 5*o + 44 = 0. What is the hundreds digit of z(w)?
1
Let b be 1845/63 + (-4)/14. Let k = 22 - b. What is the tens digit of (-3)/2*(-15 - k)?
1
Suppose q - 5*p - 31 = 0, -q = p - 2 + 1. Suppose 2*z + 2*f - 274 = 0, 268 = 2*z - 2*f - q. Suppose 5*o - z - 148 = 0. What is the tens digit of o?
5
Suppose 0 = -n + 411 - 107. Suppose 20*c - 4*c - 80 = 0. Suppose -6*p + n = 3*s - p, -c*p = s - 98. What is the tens digit of s?
0
Let b(j) = -j**2 + 12*j + 3. Suppose 0 = 6*c - 7*c - 9. Let k be b(c). Let o = -5 - k. What is the units digit of o?
1
Let j(c) = 9982*c - 5487. What is the hundreds digit of j(5)?
4
Let m(r) = 27*r**2 - 73*r - 52. Let n be m(22). Suppose 1350 + n = 20*p. What is the hundreds digit of p?
6
Let r = 27459 - 14930. What is the ten thousands digit of r?
1
Let n = 3 + 0. Suppose u - n*i - 1 = -3, -2*i = 2. Let o(q) = -18*q - 12. What is the units digit of o(u)?
8
Suppose -4*z + 2*q = 10, 4*z + 4*q = 8*z + 16. What is the hundreds digit of 858/(z + -1*25/(-10))?
5
Let d be ((-5070)/(-91))/((-4)/(-784)). What is the hundreds digit of d/(-180)*(-36)/14?
1
Let d(h) = -120*h**3 - 8*h**2 - 93*h - 80. What is the units digit of d(-6)?
0
Suppose 42*d - 24933 = 9633. Let i = d - 544. What is the tens digit of i?
7
Let q be 20*(930/(-54) - 8/(-36)). Let d = 270 - q. What is the hundreds digit of d?
6
Let i(y) = y - 7. Let k be i(-7). Let j(h) = -h**3 - 12*h**2 + 16*h - 62. What is the units digit of j(k)?
6
Let j(p) = 34*p - 106. Let b(x) = -33*x + 105. Let n(k) = 2*b(k) + 3*j(k). What is the units digit of n(8)?
0
Suppose 0 = -3*u + 2*g - 3*g + 444, 0 = -3*g. Suppose 150*x - 6 = u*x. Suppose x*p = -4*l + 22, -l + 2*p + 5 = -6. What is the units digit of l?
7
What is the thousands digit of (-7 + 3)*-10358 - (2 + 11/(-1))?
1
Suppose 23*x - 4023 - 95741 = 39524. What is the hundreds digit of x?
0
What is the thousands digit of ((-70)/12)/(1/(-1182))?
6
Let x(q) = 50*q**2 + 52*q + 17. What is the units digit of x(6)?
9
Let t = -13236 + 25402. What is the hundreds digit of t?
1
Let h(l) = -3*l**3 - 24*l**2 - 6*l + 20. Let r be 1/2*15*16/(-12). What is the hundreds digit of h(r)?
6
Let d(s) = -20*s**3 + 6*s**2 + 14*s + 130. What is the thousands digit of d(-7)?
7
Let w(j) = 9*j**2 - 44*j + 632. What is the units digit of w(34)?
0
Suppose -2*i - 20*d - 58775 = -222621, 163926 = 2*i + 4*d. What is the units digit of i?
3
Let y(d) = -d**3 + 5*d - 21. Let z be y(8). Let t = -131 - z. What is the hundreds digit of t?
3
Let g(n) = 2*n**2 + 34*n - 39. Let k be g(-18). Let h = k + 20. Suppose -730 = -h*x + 1786. What is the tens digit of x?
4
Let y(w) = -15*w - 4. Let o be y(-2). Suppose 24*l + 12 = o*l. Suppose 595 = l*r - 665. What is the tens digit of r?
1
Let i(f) be the third derivative of f**4/4 - 23*f**3/3 + 408*f**2. Let x(y) = 2*y**2 + 9*y + 5. Let v be x(-6). What is the tens digit of i(v)?
9
Suppose -2*l + 17676 = 1484 - 1446. What is the units digit of l?
9
Let c = 8 - 5. Let u be (-7)/((-35)/17) + (-3)/(-15)*3. What is the tens digit of 142/u - c/(-6)?
3
Suppose -17*k = -135904 + 2556. What is the hundreds digit of k?
8
Suppose 0 = 40*q - 8*q - 37184. Suppose -4*w + q = -2*y + 7*y, -1178 = -4*w + 3*y. What is the hundreds digit of w?
2
Let x(g) = 35*g + 2. Let b(r) = -36*r + 2. Let o(i) = 2*b(i) + 3*x(i). What is the units digit of o(13)?
9
Suppose -t = -26*t - 8*t + 1035573. What is the tens digit of t?
8
Suppose 0 = 3*g - 4*x - 23, x - 23 - 20 = -3*g. Suppose 5*z = 2*d + 8101, g*d - 1615 = -z + 16*d. What is the hundreds digit of z?
6
Let j = 750 - 267. Let s = -323 + j. Suppose -2*i = -0*i - s. What is the tens digit of i?
8
What is the tens digit of (1970971/(-237))/(2/(-6))?
4
Let n = 9250 - 7267. What is the thousands digit of n?
1
Suppose -443*v = -455*v + 42732. What is the thousands digit of v?
3
What is the hundreds digit of (2 - (16 - 20)) + (-3)/(6/(-35224))?
6
Suppose 123*n - 54*n - 44*n = 1135950. What is the ten thousands digit of n?
4
Suppose 0*h + 44132 = 7*h - 20366. What is the tens digit of h?
1
Let i = -21991 + 40392. What is the tens digit of i?
0
Let c = 40 - -209. Let z = 186 - 56. Let n = c - z. What is the tens digit of n?
1
Suppose 5*b = 207 - 187. Suppose 2030 = b*p - 1194. What is the hundreds digit of p?
8
Suppose 3*d + 12 = 45. Suppose n - 101 - d = -u, 2*u - 220 = 2*n. What is the tens digit of u?
1
Let p be (-1)/(-6) + ((-524)/(-24) - -2). Suppose -22*v + p*v = 6060. What is the hundreds digit of v/14 + (-28)/(-49)?
2
Let n(s) = s**2 + 14*s - 